x - 1062. List the prime factors of c.
2, 19
What are the prime factors of (-1)/(110752/443520 - 2/8)?
3, 5, 7, 11
Let y(m) = -6*m**2 - 40*m - 7. Let b be y(-9). What are the prime factors of 38/b + 9834/21?
2, 3, 13
Suppose p - 1397 + 8388 = i, 4*p + 6994 = i. What are the prime factors of i?
2, 3, 5, 233
Suppose 15 = -5*w + 3*l + 2*l, 4*w + l = 13. Let i be (w/(-3))/((-36)/(-702)). Let c(d) = -6*d + 57. List the prime factors of c(i).
3, 5
Let g be (-1)/2*(-19 - 7). Suppose 0 = 2*o - g + 31. List the prime factors of -4 - o/(-6)*-118.
173
Suppose -3*h - 16 + 37 = 0. Suppose -6*u + h*u = 55. Suppose 4*i = 3*i + u. What are the prime factors of i?
5, 11
Suppose -3*f = 9, 4*f - 274 + 2782 = x. Let l = x - 1775. List the prime factors of l.
7, 103
Let y = 125 - 125. Let s(o) = o + 308. Let d be s(y). Let j = 545 - d. What are the prime factors of j?
3, 79
Let s = 11639 + -4067. What are the prime factors of s?
2, 3, 631
Let a(m) = 2*m + 13*m + 106 - 112 - m**2. Let t be a(9). Suppose 3*r = -2*n + 52, 4*n + 2*r = 2*n + t. What are the prime factors of n?
2, 5
Let k = 24 - 21. Suppose -d + 1129 = 3*s, -9*s + 5*s + 1514 = -k*d. What are the prime factors of s?
13, 29
Suppose -17*p + 36*p = 92150. What are the prime factors of p?
2, 5, 97
Suppose -84*v + 3459962 = 24*v + 170498. What are the prime factors of v?
2, 97, 157
Suppose 0 = -5*l - 0*l + 75. Suppose -n - 22 = l. Let j = 188 + n. List the prime factors of j.
151
Let m = 3000 + -2005. Suppose -27*q + m = -22*q. List the prime factors of q.
199
Let l(s) = 1122*s**2 - 3*s. What are the prime factors of l(-2)?
2, 3, 7, 107
Suppose g + 29 + 3 = -3*w, 28 = -3*w - 5*g. List the prime factors of ((-10)/(-2))/(-6 - w) + 508.
509
Let z(o) = -o**3 - 5*o**2 + 8*o - 11. Let x be z(-9). Suppose 5*j + 2*r - x = -0*r, -220 = -5*j + 5*r. List the prime factors of j.
47
What are the prime factors of (2/47 - 71785084/(-6392))*(-10)/(-3)?
5, 7487
Let r = 3272 + -2270. List the prime factors of r.
2, 3, 167
Suppose -5*z = -11*z + 1590. Suppose -83*q - z = -88*q. What are the prime factors of q?
53
Suppose 10*i = 14*i - 3*h - 684, 0 = -i - 4*h + 152. Suppose 0 = i*w - 157*w - 5368. What are the prime factors of w?
2, 61
Suppose 0 = 7*v - 2*v - 10. Let c(m) = 9*m**2 - m**v + 49 - 47 - 3*m. What are the prime factors of c(-3)?
83
Let b = -2 - -4. Suppose -2*p + 24 = 2*p. What are the prime factors of (36/p)/(-3)*(-9)/b?
3
Suppose 13*y = 16*y - 5*n - 224441, 4*y + n - 299224 = 0. List the prime factors of y.
239, 313
Let d(u) = -u**3 - 6*u**2 - 5*u + 2. Let j be d(-5). Let q(l) = 6 - 4*l**2 + l**3 - 7*l**2 + j*l**2. What are the prime factors of q(9)?
2, 3
Let p be 28/42*(-30)/(-4). Let j be 35 - (p/(-1))/1. Let z = j - 10. What are the prime factors of z?
2, 3, 5
Suppose 21*a - 54680 = 56*a - 55*a. List the prime factors of a.
2, 1367
Let f(c) = -423*c + 56. What are the prime factors of f(-11)?
17, 277
What are the prime factors of -2 + 28480 - 700/35?
2, 3, 17, 31
Suppose 0 = 4*c + 204 + 40. Let r = -73 - c. Let f = r - -146. What are the prime factors of f?
2, 67
Suppose 2*r - 5716 - 11682 = -8*o, -2*r + o + 17362 = 0. What are the prime factors of r?
19, 457
Suppose 1745 = 5*d + 1720. Suppose d*y - 217 = -x + 412, 4*x - 2*y - 2450 = 0. What are the prime factors of x?
2, 307
Let k(r) = -r**2 + 17*r - 36. Suppose 0 = z + 4 - 7. Suppose 3*g = -2*s + 21 + 8, 3*s = -z*g + 42. List the prime factors of k(s).
2
Suppose -30*m + 28*m + 13496 = -h, -m = -2*h - 6742. What are the prime factors of m?
2, 3, 5
Let o(c) = 5*c**3 + 3*c**2 - 3*c. Let y be o(1). List the prime factors of 818*(20/8)/y + 0.
409
Let w(j) = 43*j + 7. Suppose g + g - 4*y = 10, 0 = 2*g - 3*y - 9. Let t be w(g). Let z = -61 + t. What are the prime factors of z?
3, 5
Suppose -17*b + 18453 = 3969. List the prime factors of b.
2, 3, 71
What are the prime factors of 2 + (0 - (-47109 + -3))?
2, 23557
Let n = 9087 + 2333. What are the prime factors of n?
2, 5, 571
Let p(u) = 2*u**3 + 90*u**2 + 626*u - 64. What are the prime factors of p(-27)?
2, 4639
Suppose -4*n + 62*z - 64*z = -323912, -2*n + 5*z = -161944. What are the prime factors of n?
13, 6229
Let b(j) = 152*j**2 + 26*j - 339. What are the prime factors of b(7)?
23, 317
Let u(b) = 7806*b**2 + 19*b + 61. What are the prime factors of u(-3)?
2, 35129
What are the prime factors of (3 + 19538 - 3)*(-42)/(-84)?
9769
List the prime factors of (480/300)/((3/(-31074))/(5/(-2))).
2, 5179
Let y(t) be the first derivative of 27*t + 3/2*t**2 - 17. List the prime factors of y(0).
3
Let t be (-2020)/(-52) - 3 - 2/(-13). Suppose 3*w + p = 6*w + 8, t = -5*w - 4*p. What are the prime factors of (22/3)/(w/(-30))?
5, 11
Let j(r) = 157*r**2 - 84*r - 10. List the prime factors of j(-6).
2, 7, 439
Suppose -3*j + 9 = 0, 0 = d + 181*j - 176*j - 2286. What are the prime factors of d?
3, 757
What are the prime factors of (-12 - (-742275)/15) + 16?
11, 409
What are the prime factors of 710/(-284)*(-8374)/5?
53, 79
Suppose 1671*s = 1699*s - 820456. What are the prime factors of s?
2, 7, 13, 23
Let s(l) = 473*l - 3727. What are the prime factors of s(9)?
2, 5, 53
Suppose -5*x - 12116 = -18*x. Suppose x = 4*k + 88. Let u = k + -62. List the prime factors of u.
149
Suppose 0 = -535*d + 611*d - 712196. What are the prime factors of d?
9371
Let j(r) = -20*r**3 - 5*r**2 - 6*r + 15. Let t be j(-5). Let o be (-6 + 0)*(t/(-8))/(-11). Let p = -97 - o. List the prime factors of p.
2, 17
Let j(y) = y**3 + 3*y**2 - y - 14. Let a be j(5). Let p = -164 + a. What are the prime factors of p?
17
Suppose 55*s - 34*s = -100*s + 5762383. What are the prime factors of s?
47623
Suppose 3*a - q - 29 = 0, 10*a - 9*a + 12 = -4*q. Let w(y) = 8*y**2 - 11*y + 167. List the prime factors of w(a).
3, 197
Suppose 5*h - 115 = 290. Let j be (-1)/3 + (-232)/(-3). Suppose h*q = j*q + 120. What are the prime factors of q?
2, 3, 5
Let j = 290 + -164. Suppose -h + 5*z = -j, 2*h = h + 2*z + 135. List the prime factors of 1*-2 + -4 + h.
3, 5
Let g(a) = a**3 - 13*a**2. Let t = 58 - 45. Let j be g(t). List the prime factors of j - -69*(-3)/(-3).
3, 23
Let l = -1504 + 43552. What are the prime factors of l?
2, 3, 73
Suppose -573603 + 82855 = -34*h + 1130202. What are the prime factors of h?
5, 1907
Suppose 0 = 5*f - 17 + 2, -2*q - 6107 = -f. What are the prime factors of 3 + ((-3)/(-2) - q/8)?
2, 193
Let g be -186*(10/3 + -2). Let i = -467 - -832. Let p = g + i. What are the prime factors of p?
3, 13
What are the prime factors of 1095/((-107)/(-13) + (-65 - -57))?
5, 13, 73
Let z(w) = 23*w - 155. Let i be z(48). Let t = 1732 - i. List the prime factors of t.
3, 29
Let w(u) = -u**3 + 118*u**2 + 286*u + 11. What are the prime factors of w(120)?
5531
Suppose 5 = -5*n - 5*d, -13*d + 10*d - 18 = -2*n. Let a(f) = f**3 + 5*f**2 + 7*f - 9. List the prime factors of a(n).
2, 3, 7
Let p = -21751 + 33642. What are the prime factors of p?
11, 23, 47
Let s(w) = -17*w - 201. Let r be s(-11). What are the prime factors of 10344/28 - 1 - 8/r?
3, 41
Suppose -2*x - 28 = 18. Let a = -16 + x. Let z = 44 + a. List the prime factors of z.
5
Suppose 109*o - 456 = -26*o + 219. Let b be (-380)/(-6) - (-2)/(-6). Suppose -2*y - 24 = -2*f, -o*f + y + b = -3*y. List the prime factors of f.
3, 5
Suppose 0*j + 2*j = 7*j. Suppose -5*t + 3 - 8 = j. Let w(y) = -77*y**3 - 1. List the prime factors of w(t).
2, 19
Suppose -4*f + 12 = 0, -5*v + 2*f + 567 = 133. Suppose -4*o + 56 = -v. Suppose o = -3*c + 4*c. List the prime factors of c.
2, 3
Let z(h) = 4 + 6*h**2 - 3 + 212*h - h**3 - 219*h. Let p be z(4). List the prime factors of 229 - (-9 + p/1).
233
Let k(b) = 25*b - 294. Suppose -4*c + 28 = z, 4*c - c = -2*z + 36. What are the prime factors of k(z)?
2, 3
Let j(x) = -39*x + 1476. What are the prime factors of j(-120)?
2, 3, 19
Suppose 0*v - v = 2*w - 286, 1390 = 5*v + 2*w. Suppose -2*d - v = 3*b, 103 = -b - 0*d + 3*d. Let f = 178 + b. List the prime factors of f.
2, 3, 7
Suppose 0 = 2*d + 97 + 59. Let k = d + 78. Suppose k*q = 2*q - 136. What are the prime factors of q?
2, 17
Suppose 5*r - 5 = 4*r, 3*w - 25 = -5*r. What are the prime factors of (w - -1)/(15/3930)?
2, 131
Let d be (2*-3)/2 - -331. Suppose -2*n = -4*n + 3*f + 17, 3*n - 6 = -2*f. Suppose -3*k + d = 2*u + 31, -n*u - 4*k = -596. List the 